 x be (-21 + -3)*2/(-4). What is the greatest common divisor of x and 72?
12
Let j(z) = -z**2 - z**3 - 3*z + 5*z + 0*z**2 + 0*z**3. Let s be j(-2). Suppose 5*y + r = 3*r + 62, s = r + 1. Calculate the highest common factor of 108 and y.
12
Suppose -110 = -2*p - 3*p. Suppose -5*y + 5*j = -55, -4*j - 1 = -y + 10. What is the greatest common divisor of p and y?
11
Suppose 5*s - 63 = 2*c - 160, 3*s = -2*c + 121. Calculate the greatest common factor of 7 and c.
7
Suppose -4*n = 5*j - 237, -4*n + 319 = -5*j + 52. Let t = -20 + 41. What is the greatest common divisor of t and n?
21
Suppose 0*d - 355 = -3*v + 4*d, 4*d = -2*v + 230. Calculate the highest common factor of v and 13.
13
Let f(r) = -r**3 - 5*r**2 - r + 4. Let a be f(-4). Let k = -6 - a. Calculate the highest common factor of 10 and k.
2
Let m(x) = -x**2 - 10*x - 4. Let b be ((-24)/9)/(2/6). Let p be m(b). Calculate the highest common factor of p and 3.
3
Let i = 8 - 4. Suppose -i*c + 13 + 107 = 0. What is the greatest common divisor of c and 75?
15
Let o(g) = -2*g**3 - 2*g**2 - 2. Let d be o(-2). Let t = -43 + 73. Calculate the highest common divisor of d and t.
6
Let x(i) be the first derivative of -i**4/4 - 7*i**3/3 - 2*i**2 - i - 2. Let a be x(-8). What is the greatest common factor of a and 38?
19
Suppose 2*l + 0*l = 8. Suppose -3*t + 83 = g, -316 = -l*g - 7*t + 3*t. Calculate the highest common divisor of 7 and g.
7
Suppose -3*b + 87 = l, 4*l - b = -0*b + 322. Suppose -11*m + 6*m + 45 = 0. What is the highest common factor of l and m?
9
Suppose 5*k - 134 = f, -5*k - 3*f = 2*f - 110. What is the greatest common divisor of 65 and k?
13
Let a = 0 - -9. Let z(g) = g**3 + 26*g**2 - 33*g - 81. Let p be z(-27). What is the greatest common divisor of p and a?
9
Let i = 30 - 18. Let f be (-15)/i*1*-4. Suppose -f*x + 15 = 0, -2*x - 3 = -3*w - x. Calculate the highest common divisor of 22 and w.
2
Let z = 75 + -49. Calculate the greatest common divisor of z and 13.
13
Let r(s) = 2*s**3 - 4*s**2 + 4*s - 5. Let f be r(5). What is the highest common divisor of f and 15?
15
Let g be (140/(-6))/((-3)/(-9) + -1). Calculate the greatest common factor of g and 14.
7
Suppose 2*z + 5 = -3*b, -3*z + 2*b + 35 = -2*b. What is the highest common divisor of z and 55?
5
Suppose -4*p - 162 = -4*h - 802, 3*p = h + 482. Let n be (-510)/(-22) + (-2)/11. Calculate the highest common factor of p and n.
23
Let x = 3 + -1. What is the highest common factor of 22 and x?
2
Suppose 71 + 49 = 15*c. Let y(i) = i - 1. Let v = -2 + 4. Let j be y(v). What is the greatest common factor of c and j?
1
Suppose -8*v + 79 = -73. What is the highest common factor of v and 19?
19
Suppose 2*z - 520 = 3*k - k, -5*z - 3*k = -1308. Calculate the greatest common divisor of 9 and z.
9
Suppose 0 = -p + w - 0 - 6, 2*w = -8. Let h = 64 + p. Suppose 5*t = o + h, -2*t + 3*o = 7*o - 4. Calculate the greatest common factor of 20 and t.
10
Let f = -4 + 7. Let h be (4 - 5)*(-14)/2. Suppose 31 - h = 4*j. What is the highest common divisor of f and j?
3
Suppose -i - 196 = -4*j - 0*i, 176 = 4*j + 4*i. What is the highest common divisor of j and 12?
12
Let b = -2 - -4. Let m be 0 - (b - 1/(-1)). Let u be (-43)/m - (-10)/15. Calculate the highest common factor of u and 165.
15
Let p = 114 - 50. What is the greatest common divisor of 24 and p?
8
Suppose -3*k - 4 = -2*k, 4*g = 2*k + 48. Let d(x) = -3*x**2 + 4*x - 6. Let b be d(4). Let o = b - -78. Calculate the highest common divisor of g and o.
10
Let k = 6 + 0. Let a = -81 - -93. What is the highest common divisor of k and a?
6
Suppose 4*x - 296 = 4*l, -5*l + 4*l - 4 = 0. Let q = 21 + -11. What is the greatest common factor of q and x?
10
Let t(v) = v**3 - 6*v**2 - 10*v - 9. Let r = -24 + 44. Let b be (-2)/15*-3*r. Let a be t(b). What is the highest common factor of a and 26?
13
Let b(v) = 2*v**2 - 4*v. Let c be b(3). Let r(z) = -2*z - 16 + 32 + 38. Let t be r(0). What is the highest common factor of t and c?
6
Let h be 2 + (-2 - 386)/(-4). What is the greatest common divisor of 11 and h?
11
Let y be (-2)/((-2)/(-8)*2). Let f = 0 - y. Suppose -f*w - 73 + 193 = 0. What is the greatest common divisor of w and 6?
6
Suppose -s + 3 = -4*r + 22, 0 = 4*s + 12. Let p be 1/5 + (-39)/(-5). What is the highest common divisor of p and r?
4
Let j = 49 - 31. Suppose -15 = -2*r - 3*a, 3*r = -r + 4*a. Suppose -g = 4*g - r*s - 636, 3*g + 2*s = 374. What is the greatest common factor of g and j?
18
Let u(o) = -13*o + 5. Let p be u(-5). Suppose 4*c + 4*j - 161 = -41, 2*c + 5*j - 66 = 0. Calculate the greatest common divisor of c and p.
14
Let k = 62 + -14. What is the highest common factor of 120 and k?
24
Suppose -3*i = -o - 28, -o + 2*o = 2*i - 20. Let z = i + 4. Calculate the greatest common factor of z and 24.
12
Suppose 4*t - 6*t + 18 = 0. Calculate the greatest common divisor of 27 and t.
9
Suppose -283 = -5*t + 257. Let b(p) = 5*p + 7. Let f be b(-10). Let w = -31 - f. What is the greatest common factor of t and w?
12
Let q(n) = 39*n**2 + 2*n + 1. Let f be q(-2). What is the highest common factor of f and 17?
17
Let j(z) = 6*z**2 + z + 5. Let f be j(4). Calculate the greatest common factor of f and 70.
35
Let q = 12 + 4. Let h be 13*1*15/3. Suppose -3*m = -3*a - 204, -m - a = -h + 5. What is the greatest common divisor of q and m?
16
Suppose 2*s = -3*s - 10. Let d be (-2 - 5/s)*130. Calculate the highest common divisor of 13 and d.
13
Let c be (-1)/(-2 + 9/6). Suppose -3*x + 61 = -3*m + 4*m, 0 = -4*x - 3*m + 73. What is the greatest common divisor of x and c?
2
Let q be 2/6 + (-23)/(-3). What is the greatest common factor of 24 and q?
8
Suppose -3*y + 2*y = -1. Let p be ((3/y)/3)/1. What is the greatest common factor of 2 and p?
1
Let z be -2 - ((-84)/1 - 1). Let l = z + -54. What is the highest common factor of 29 and l?
29
Suppose 0 = 3*h - 35 - 1. Let z = h - 0. Suppose -5*g + 131 = -49. What is the highest common factor of z and g?
12
Let d be 1*-1 + (-27)/(-3). Suppose -2*n - 3*f + 23 = 0, -5*f = -n - 3*f - 6. Calculate the highest common divisor of d and n.
4
Suppose -2*l + 14 = -3*l. Let u = l + 33. What is the highest common factor of u and 152?
19
Let f = -1 + 4. Let i = -18 - -51. Calculate the highest common divisor of f and i.
3
Let o be (2 + -4 - -4)*10. Calculate the highest common divisor of 20 and o.
20
Let z(o) = 13*o**3 + o**2. Let k be z(1). Suppose -3*w + 18 = -3. Calculate the greatest common divisor of k and w.
7
Let p be -3 - (-124)/(-8)*-2. What is the greatest common divisor of 252 and p?
28
Suppose -4*z + 1487 = -49. Suppose -5*d + 3*h + z = 0, -3*h + 43 = 4*d - 275. What is the highest common factor of d and 26?
26
Let t be -2 + (1 + -30)*-1. Let i be (1 - -1)/((-2)/(-4)). Suppose -12 = -4*l + 5*m, -2 - i = -2*l - 5*m. Calculate the greatest common factor of t and l.
3
Let r = -1 + 5. Suppose z = r*z - 4*b - 110, -5*b = 3*z - 65. What is the highest common factor of z and 6?
6
Let t = -4 + 9. Suppose -t = 3*c - 110. Calculate the highest common factor of c and 7.
7
Suppose -4*p - h = -22, -3*p - 3 = 3*h - 24. Let k be 102/(-14) + (-2)/(-7). Let n = k - -17. Calculate the highest common divisor of n and p.
5
Let w(k) = k + 10. Let p be w(8). What is the greatest common divisor of p and 9?
9
Let y = 87 + 28. Let o be 3/(-5) - (-128)/5. Suppose 3*f - y = -o. What is the highest common factor of 6 and f?
6
Suppose 2*x = -13 + 3, -5*g - 4*x - 110 = 0. Let q be (-4)/6 - 138/g. Calculate the highest common divisor of q and 14.
7
Let g = -21 + 31. Let d(n) = -3*n - 2. Let t be d(-2). Suppose -2*r = -0*r + 4*p - 72, t*p - 32 = -r. What is the highest common divisor of r and g?
10
Let l = 233 + -148. Calculate the greatest common divisor of l and 34.
17
Let w be (-3)/2 + 7/(-2). Let p be (-34)/w - (-1)/5. Let f = p - 4. Calculate the highest common factor of f and 33.
3
Let n(c) = -c**3 + 15*c**2 + 20*c + 1. Let m be n(16). Calculate the greatest common factor of 26 and m.
13
Let i = 1 - -59. What is the highest common divisor of i and 12?
12
Suppose 3*i = 5*l + 24, -4*i + 2*l - 5*l + 3 = 0. Let b be (-298)/(-14) + (-2)/7. Calculate the highest common factor of i and b.
3
Let q(d) = d**2 - 6*d - 2. Let a be q(7). Suppose 0 = -a*c + 18 + 27. Calculate the highest common divisor of c and 9.
9
Let